ctor of 28372 and 184.
4
What is the greatest common divisor of 65 and 40039805?
65
Calculate the greatest common divisor of 1097460 and 315.
315
Calculate the highest common divisor of 26 and 918515.
13
Calculate the greatest common divisor of 120 and 72640.
40
Calculate the greatest common divisor of 90145 and 110.
55
Calculate the highest common divisor of 760 and 1916150.
190
Calculate the highest common factor of 151808 and 512.
256
Calculate the greatest common factor of 1890 and 2034.
18
What is the highest common factor of 2072 and 108521?
259
Calculate the greatest common factor of 69 and 358041.
69
What is the greatest common factor of 5856 and 29646?
366
What is the highest common divisor of 1548 and 2021?
43
Calculate the highest common divisor of 198 and 1320.
66
Calculate the greatest common factor of 7 and 136717.
7
What is the highest common factor of 800 and 3800?
200
What is the greatest common divisor of 4226348 and 196?
196
Calculate the greatest common divisor of 2079 and 41041.
77
Calculate the greatest common factor of 361329 and 258.
129
What is the greatest common factor of 128 and 9484?
4
What is the greatest common factor of 6 and 1473?
3
What is the greatest common divisor of 3608 and 17384?
328
Calculate the highest common factor of 275 and 56320.
55
Calculate the highest common divisor of 60 and 10695.
15
Calculate the greatest common divisor of 1474099 and 638.
319
What is the highest common divisor of 800410 and 1880?
470
Calculate the highest common divisor of 1334 and 32306.
58
Calculate the highest common factor of 377 and 7292688.
377
Calculate the highest common factor of 65223 and 45.
9
Calculate the highest common divisor of 1074038 and 14.
14
Calculate the greatest common divisor of 4677 and 774.
3
Calculate the highest common factor of 828 and 1456038.
414
What is the greatest common factor of 1142 and 32?
2
What is the highest common divisor of 18762 and 1908?
318
What is the highest common divisor of 106745 and 185?
185
Calculate the greatest common factor of 317344 and 96.
32
What is the greatest common divisor of 232128 and 10296?
936
What is the greatest common divisor of 50 and 78800?
50
Calculate the greatest common factor of 62992 and 496.
496
What is the highest common divisor of 17442 and 80274?
102
What is the highest common factor of 3808 and 52241?
119
What is the highest common divisor of 1865 and 394261?
373
What is the greatest common factor of 25 and 347475?
25
Calculate the greatest common divisor of 27878 and 63646.
526
Calculate the greatest common divisor of 325 and 13366925.
325
What is the highest common divisor of 145044 and 6?
6
What is the highest common factor of 107 and 207?
1
What is the greatest common factor of 393703 and 391?
17
What is the highest common factor of 480 and 269472?
96
Calculate the highest common factor of 1553112 and 74.
74
Calculate the highest common factor of 50 and 174830.
10
Calculate the highest common divisor of 8738 and 1374436.
514
What is the highest common divisor of 20382 and 1419?
129
Calculate the greatest common divisor of 189382 and 16928.
1058
Calculate the highest common divisor of 45567 and 157617.
747
Calculate the greatest common divisor of 1986481 and 9128.
1141
Calculate the highest common factor of 450 and 290475.
225
What is the highest common factor of 4125 and 40875?
375
What is the highest common factor of 640 and 19145?
5
Calculate the greatest common factor of 46 and 173.
1
Calculate the greatest common divisor of 58 and 5858.
58
What is the highest common divisor of 2378 and 17429?
29
What is the greatest common factor of 4550 and 12810?
70
What is the highest common divisor of 3159 and 1099089?
243
What is the highest common divisor of 994130 and 1335?
445
Calculate the greatest common divisor of 132308 and 868.
124
Calculate the greatest common divisor of 21 and 16911.
3
Calculate the highest common factor of 1838129 and 548.
137
What is the greatest common factor of 3968 and 4433?
31
What is the highest common divisor of 38 and 1260593?
19
What is the greatest common factor of 57538 and 494?
26
What is the greatest common divisor of 12 and 4806?
6
Calculate the greatest common divisor of 1218 and 425894.
406
What is the greatest common divisor of 2080 and 12?
4
What is the highest common factor of 28025 and 775?
25
What is the highest common divisor of 2555 and 5915?
35
Calculate the greatest common divisor of 339 and 19549.
113
Calculate the greatest common divisor of 104 and 7124.
52
Calculate the highest common divisor of 366 and 3444.
6
Calculate the greatest common divisor of 11049 and 580.
29
Calculate the greatest common divisor of 1701 and 408483.
243
Calculate the highest common factor of 13836 and 84.
12
Calculate the highest common divisor of 61883 and 722.
19
Calculate the highest common factor of 1104275 and 25.
25
What is the highest common divisor of 1452 and 572?
44
What is the highest common factor of 690 and 1590?
30
What is the highest common divisor of 58 and 38802?
58
Calculate the greatest common factor of 1130393 and 11.
11
Calculate the highest common divisor of 168 and 994182.
42
Calculate the greatest common divisor of 169 and 89336.
13
Calculate the greatest common divisor of 2550 and 1770.
30
What is the greatest common factor of 1554 and 4746?
42
Calculate the greatest common factor of 54 and 108090.
18
Calculate the highest common divisor of 6253 and 2366.
169
What is the highest common factor of 22340 and 2102194?
2234
What is the greatest common divisor of 19764 and 1323?
27
What is the highest common factor of 158 and 1055914?
158
What is the greatest common factor of 13373 and 3999?
43
Calculate the highest common factor of 7 and 1687.
7
What is the highest common factor of 42127 and 3681?
409
Calculate the greatest common factor of 98 and 55174.
98
What is the greatest common divisor of 38020 and 110?
10
Calculate the highest common divisor of 3996 and 40311.
27
What is the highest common divisor of 47 and 3290893?
47
Calculate the highest common divisor of 9 and 14004.
9
What is the highest common divisor of 1097568 and 192?
96
Calculate the highest common divisor of 4 and 2660.
4
Calculate the highest common divisor of 5382 and 40482.
234
What is the greatest common factor of 578 and 24718?
34
Calculate the highest common factor of 1035 and 36800.
115
What is the greatest common factor of 135920 and 120?
40
What is the greatest common divisor of 1195476 and 12?
12
What is the highest common divisor of 5885 and 8635?
55
What is the highest common divisor of 174260 and 90?
10
What is the greatest common factor of 4930800 and 14?
14
Calculate the highest common factor of 15995 and 2485.
35
What is the highest common divisor of 7535 and 39045?
685
Calculate the highest common factor of 1078 and 333641.
539
Calculate the highest common divisor of 13404 and 24.
12
Calculate the greatest common divisor of 99 and 63657.
99
What is the highest common factor of 13208 and 88?
8
What is the highest common divisor of 258 and 5010?
6
Calculate the greatest common factor of 27 and 556.
1
What is the highest common factor of 130 and 177229?
13
What is the greatest common divisor of 865013 and 318?
53
Calculate the greatest common factor of 24928 and 2512.
16
Calculate the greatest common factor of 390420 and 360.
180
What is the greatest common factor of 534 and 18512?
178
What is the highest common factor of 26963 and 59?
59
What is the greatest common factor of 11210227 and 173?
173
Calculate the highest common factor of 588910 and 350.
70
What is the highest common divisor of 208 and 41639?
13
What is the greatest common factor of 892491 and 122?
61
Calculate the highest common factor of 3335 and 12995.
115
What is the highest common factor of 645 and 610?
5
Calculate the highest common divisor of 4248 and 12567.
177
Calculate the highest common factor of 236 and 2362124.
236
What is the greatest common factor of 10344 and 48?
24
What is the greatest common factor of 1387 and 6555?
19
Calculate the greatest common factor of 1602 and 23076.
18
What is the highest common factor of 2324 and 184177?
581
Calculate the highest common divisor of 356417 and 535.
107
Calculate the highest common factor